 4724520208?
16
Calculate the greatest common factor of 192 and 2854044.
12
What is the greatest common factor of 38154567 and 1068?
267
Calculate the greatest common divisor of 9295245 and 30.
15
What is the highest common divisor of 594 and 28897682?
22
Calculate the highest common factor of 2624 and 86551.
41
What is the highest common divisor of 330 and 44500555?
55
What is the greatest common divisor of 56511 and 5665751?
2093
What is the greatest common divisor of 39292 and 1442100?
836
Calculate the greatest common divisor of 3214840 and 2008.
8
What is the highest common divisor of 23928 and 109128?
24
What is the greatest common divisor of 96400 and 107809904?
3856
Calculate the highest common factor of 560108 and 60884.
124
What is the highest common divisor of 31170377 and 137?
137
What is the greatest common divisor of 5700 and 1986336?
228
Calculate the highest common factor of 13371255 and 367545.
1605
Calculate the highest common divisor of 176774 and 984286.
1046
Calculate the highest common factor of 6911204 and 63808.
3988
Calculate the highest common divisor of 8636 and 10268.
68
Calculate the greatest common factor of 429171 and 2291.
29
What is the highest common factor of 260 and 62507510?
130
What is the greatest common factor of 6336 and 17882568?
792
Calculate the greatest common divisor of 86901471 and 128763.
6777
What is the greatest common factor of 1782 and 6258?
6
Calculate the highest common divisor of 16739392 and 7400.
296
What is the highest common factor of 2596 and 358956?
236
What is the highest common divisor of 464996 and 4676?
28
What is the highest common divisor of 165 and 15301847?
11
What is the highest common factor of 2135952 and 3528?
504
What is the greatest common factor of 930 and 1366458?
6
Calculate the highest common divisor of 2261428 and 572.
52
What is the highest common factor of 23153 and 1615504?
137
What is the highest common divisor of 14100 and 24300175?
1175
What is the greatest common factor of 112850 and 1368230?
610
Calculate the greatest common divisor of 288 and 848970.
18
What is the highest common divisor of 87414809 and 1013?
1013
What is the highest common divisor of 9999664 and 6264?
232
What is the highest common factor of 1201 and 56496241?
1201
What is the greatest common factor of 76032073 and 2899?
2899
Calculate the greatest common factor of 6534594 and 3618.
54
What is the highest common divisor of 7337 and 200259413?
667
What is the greatest common factor of 33858 and 163086?
66
Calculate the highest common divisor of 1227528 and 5832.
216
What is the highest common divisor of 186651810 and 3186?
3186
Calculate the greatest common divisor of 20 and 5364985.
5
What is the greatest common divisor of 120094 and 537602?
806
Calculate the highest common factor of 180957836 and 184.
92
What is the greatest common divisor of 11853 and 13473?
27
What is the greatest common factor of 180848 and 431472?
1424
Calculate the highest common divisor of 27 and 326272509.
27
What is the greatest common divisor of 35619414 and 456?
114
What is the greatest common factor of 201 and 335402?
67
What is the greatest common divisor of 2721098 and 1169?
167
Calculate the greatest common divisor of 14811456 and 408.
24
What is the greatest common factor of 12191100 and 740?
20
Calculate the greatest common divisor of 143427 and 43.
1
What is the greatest common divisor of 1600073433 and 189?
189
What is the greatest common divisor of 619183 and 575?
23
Calculate the greatest common factor of 35442 and 2070135.
1611
What is the highest common factor of 7302 and 130171537?
1217
Calculate the greatest common divisor of 250819023 and 273.
273
What is the greatest common divisor of 144 and 4684048?
16
Calculate the greatest common factor of 13760 and 1867060.
860
Calculate the greatest common divisor of 422676 and 3508.
4
What is the greatest common factor of 29145870 and 135?
45
Calculate the highest common divisor of 2885025 and 345675.
825
Calculate the greatest common factor of 3389609 and 2419.
59
Calculate the greatest common divisor of 127927764 and 20.
4
What is the greatest common divisor of 71175288 and 244?
244
Calculate the greatest common divisor of 989535 and 17425.
205
What is the greatest common factor of 806 and 367212794?
806
Calculate the highest common divisor of 3389266 and 166.
2
What is the greatest common divisor of 1428 and 67641?
21
What is the highest common divisor of 5417896 and 8712?
968
What is the greatest common divisor of 973 and 72405795?
973
Calculate the greatest common divisor of 39 and 52181675.
13
What is the greatest common factor of 7791666 and 15?
3
Calculate the greatest common factor of 717750 and 83625850.
15950
What is the highest common divisor of 353 and 21547?
1
What is the greatest common divisor of 14174140 and 2848?
356
Calculate the greatest common divisor of 493273834 and 6166.
6166
What is the highest common divisor of 16479 and 2250?
9
Calculate the greatest common divisor of 150171260 and 140.
20
Calculate the greatest common factor of 27686980 and 60.
20
What is the greatest common divisor of 8153850 and 190?
190
Calculate the highest common divisor of 3974988 and 108.
12
What is the highest common factor of 443561 and 69?
1
What is the highest common factor of 70 and 7339178?
14
Calculate the highest common factor of 51101356 and 1317.
439
Calculate the greatest common divisor of 111740 and 915060.
3020
What is the highest common divisor of 300125756 and 174?
58
What is the greatest common divisor of 576 and 1362055680?
576
What is the highest common factor of 132 and 1226104?
44
What is the greatest common factor of 2212690671 and 5598?
2799
Calculate the highest common divisor of 104 and 13586742.
26
Calculate the highest common factor of 28204527 and 39.
39
Calculate the highest common divisor of 3164 and 2436732.
452
Calculate the greatest common factor of 7194 and 165495.
33
What is the greatest common factor of 12 and 4259352?
12
What is the greatest common factor of 1834 and 11616818?
262
What is the greatest common divisor of 5489656 and 315996?
6196
What is the highest common factor of 907 and 1944393948?
907
Calculate the greatest common divisor of 404 and 902400.
4
What is the highest common factor of 4265600 and 25456?
688
Calculate the highest common divisor of 9333 and 15071148.
549
Calculate the greatest common divisor of 81620 and 3815196.
308
What is the highest common divisor of 56 and 944363?
7
What is the greatest common divisor of 24 and 67416?
24
What is the greatest common divisor of 2112 and 7920704?
704
What is the highest common factor of 1955 and 46916021?
23
What is the greatest common divisor of 1591 and 25282729?
37
Calculate the highest common factor of 86 and 27138676.
86
Calculate the greatest common divisor of 81344 and 1504.
32
Calculate the greatest common divisor of 2132 and 185689205.
533
What is the greatest common factor of 200377 and 5350464?
1327
What is the highest common divisor of 1057 and 602983619?
1057
Calculate the greatest common factor of 68562663 and 3471.
3471
Calculate the highest common divisor of 7842954 and 294.
42
Calculate the highest common divisor of 3591 and 1316709.
27
Calculate the highest common divisor of 39359426 and 164.
82
Calculate the greatest common factor of 3238750402 and 1766.
1766
What is the greatest common factor of 1021984 and 88944?
1744
What is the highest common factor of 40 and 121110880?
40
What is the greatest common factor of 116400 and 398800?
400
What is the highest common divisor of 30855 and 19261?
187
What is the greatest common divisor of 255 and 39144387?
51
What is the highest common factor of 544 and 32843320?
136
Calculate the highest common divisor of 88 and 17601496.
88
Calculate the highest common factor of 7942493 and 6253.
169
What is the highest common divisor of 583051 and 3673579?
3577
What is the greatest common factor of 3340 and 779100?
20
Calculate the greatest common factor of 40328 and 374312.
568
What is the highest common factor of 435 and 1157265?
15
Calculate the greatest common factor of 15189 and 360303.
249
What is the greatest common divisor of 16 and 493020784?
16
Calculate the greatest common factor of 352 and 